et u(x) = 1 + x**3 + 2*x**3 - 3*x + x**2 - 2*x**3. Let r = 0 - -13. Let d(s) = -s**2 + 12*s + 15. Let g be d(r). Determine u(g).
7
Let j(n) = -7*n - 2. Let r be -12*3*6/(-162)*-3. Determine j(r).
26
Suppose 0 = 5*q - 2*n - 12, -q = -4*n - 0*n - 6. Suppose -17*t + 25*t = 64. Let c(b) = -t - q*b - b**2 + 0 + 7 + b. Calculate c(0).
-1
Let y(z) = -z**2 + z + 4. Suppose 64*r + 36 = 73*r. Give y(r).
-8
Let h(u) = u**2 - 5. Let o(s) = s**3 - 5*s**2 - 2*s + 20. Let m(j) = -4*h(j) - o(j). What is m(0)?
0
Let c(x) = -7 + 4*x - 7*x + 4*x + 5. Suppose 2*p - 3*p + 4 = 0. Determine c(p).
2
Let m be (10/(-8))/(12/(-192)). Suppose 24*n - m*n = 0. Let u(b) = -b + 6. Determine u(n).
6
Let b(j) = 3*j**2 - 17*j + 6. Let y be b(5). Let k(v) = v + 8. Calculate k(y).
4
Let t(b) = -b**2 + b + 2. Suppose 22 = -2*m - 5*a, -3*a = -3*m - m - 96. Let w = 24 + m. Let x be w + (-4 + 8)/4. Calculate t(x).
-10
Let j(i) = 1 + 15 - 9 - i. Let p be -2*((-26)/4 + 1). Determine j(p).
-4
Let n(c) = -4*c - 53. Let r be n(-12). Let t(v) = -12*v - 10*v + 29*v - 4 - 9*v. What is t(r)?
6
Let k(i) = 3*i**3 + i**2. Let r be 5240/35 - 2/(-7). Let u be r/(-35) + 2/7. Let a = u + 5. Give k(a).
4
Let x(h) = -11*h - 98 + 46 + 44 - h**2. Calculate x(-8).
16
Suppose -16 = 5*x - 4*o - 206, -4*x = -2*o - 152. Let k = x - 33. Let t(p) = p + 3. Calculate t(k).
8
Let z be (-6)/(-4)*(-4)/(-2). Let b(u) = -2*u**2 + 1. Let d(m) = 4*m**2 + m - 3. Let h(n) = z*d(n) + 7*b(n). What is h(2)?
-4
Let t(h) = 12*h**3 + 10*h**2 - 29*h - 10. Let n(s) = 17*s**3 + 16*s**2 - 43*s - 15. Let b(f) = 5*n(f) - 7*t(f). Determine b(-11).
6
Let a(t) be the second derivative of 0 + 34*t - 1/3*t**4 - t**2 - 1/3*t**3. Calculate a(-3).
-32
Let j(g) = -g**2 - g + 24. Suppose 5*m + 4*b = -0*m + 4, 2*m - 1 = -b. What is j(m)?
24
Let n(z) = 2 + 16559*z - 9 - 16557*z. Give n(7).
7
Let y be 800/15*(0 - (-7 - 2)). Let j(h) = h**3 - y + 475 - h**2 + 5*h**2 + 4*h. Calculate j(-4).
-21
Let q(u) be the first derivative of u**4/4 + 2*u**3 + 2*u**2 + 4*u - 563. Let p(a) = a**2 - 7*a. Let x be p(6). What is q(x)?
-20
Let k(b) = -127 - 3*b + 128 + b. What is k(-4)?
9
Let g(d) = -d - 1. Suppose -4*i - 121 = -3*n, -i + 15 = 2*i. Suppose -59 + n = 3*m. Give g(m).
3
Let l(h) = -3*h**2 + 1. Let n be ((-14)/(-4))/(7/14). Suppose 4*w - 3 = -n. Calculate l(w).
-2
Let c(j) = -j**3 + 4*j**2 - 2*j + 8. Let p(f) = 3*f**2 + 22*f + 11. Let u be p(-7). Give c(u).
0
Let k(h) = -h**3 + 6*h**2 + 8*h - 3. Let x be 24/16*8/6. Let m = 7 - x. Let b(z) = -2*z**2 + 10*z + 7. Let g be b(m). Give k(g).
4
Let p(s) = s**2 + 13*s + 4. Let r(h) = -2*h. Let c(m) = p(m) + 3*r(m). Suppose -6*g = -2*g + 20. Give c(g).
-6
Let p be -4 + 1 + (-10)/(-2). Suppose -p*o = 4 - 10. Let u(q) = 0*q - q - 5*q + 2*q - 1 + q**2. Give u(o).
-4
Let c be (-17)/4 - (-9)/(-12). Let y(q) = -36*q + 5 - q**2 - 36*q + 67*q + 0*q**2. What is y(c)?
5
Let a be (-8)/12 + 14/3. Let c(w) be the second derivative of w**5/20 - w**4/6 - w**3 + 5*w**2/2 + 2*w. Give c(a).
13
Let j(o) = -8*o - 3. Let p be (1320/12)/(-10) - -11. What is j(p)?
-3
Let k = 2 - 0. Let r(d) = -26 - d**2 - 22 - d + 50 - 2*d**2. What is r(k)?
-12
Let q(f) be the first derivative of -f**3 + f**2/2 - 718. Suppose y - 3 = -2*y. Determine q(y).
-2
Let c(g) = -g**2. Let j(i) = -3*i**2 + 6*i + i**2 - 7 - 1. Let y(p) = -c(p) + j(p). Let x = 9 + -3. Give y(x).
-8
Let a(i) = 0*i**2 - i**3 + 33 - 36 + 2*i**2. Give a(3).
-12
Let d(r) be the first derivative of 11 + 3/2*r**2 - 1/4*r**4 + 2*r + 2/3*r**3. Calculate d(3).
2
Let p(l) be the third derivative of -l**4/24 + 3*l**3/2 + 132*l**2. Calculate p(5).
4
Let y(v) = 4*v - 2*v**2 - 5*v**2 + 4*v - 4 + 11 - v**3. Let m be y(-8). Let t(n) = -n**3 + 8*n**2 - 7*n - 2. What is t(m)?
-2
Let l = -5 - -5. Suppose -3*u + 20 - 2 = l. Suppose 0 = -0*w + 3*w + u. Let v(r) = 2*r**2 + 4*r + 3. What is v(w)?
3
Let f(y) be the first derivative of y**2/2 + 5*y + 752. Let q be 0 - (7 - (-2 + 2)). Give f(q).
-2
Let z(p) = -p**2 + 7*p + 120. Let h be z(-8). Let a(q) be the third derivative of q**2 + 0 + 0*q**4 - 1/10*q**5 + 7/6*q**3 + h*q - 1/120*q**6. Give a(-6).
7
Let y = 70 + -46. Suppose y*a + 4 = 25*a. Let m(u) = u**3 - 4*u**2 - 1. What is m(a)?
-1
Let b = -4 + 2. Let l(m) be the second derivative of -1/3*m**3 - 3/2*m**2 + 0 - 8*m. Determine l(b).
1
Let a be (-2 - -3)*0 + 1. Suppose 0 = 5*c - 5*g - 20, 3*c - 4*g = -2*c + 18. Let u(s) = -2*s**c - 2*s**2 - 2*s**2 + 2 - 1. Give u(a).
-5
Suppose 3 = 2*t - 1. Let w be 100/8 - (-6)/(-4). Let f(a) = 6 + 4 - 24 + w - 3*a**2 + 4*a. What is f(t)?
-7
Suppose 9 + 11 = -5*z. Let n(t) = -5*t**2 + 21*t + 13. Let b(s) = s**2 - 5*s - 3. Let r(w) = -9*b(w) - 2*n(w). Determine r(z).
5
Suppose 55*d = 64*d - 9. Let c(n) = -10*n**2 + 2. Calculate c(d).
-8
Let p(v) = 9*v + 14. Let j(h) = -4*h - 7. Let i be 1 + 5*5/25. Suppose b - 9 + i = 0. Let q(z) = b*j(z) + 3*p(z). Give q(-6).
-1
Let q be (1 - 6/1) + -1. Let o(g) be the first derivative of -g**2/2 - 7*g - 203. Give o(q).
-1
Let u(r) = -3*r**3 + r**2 + r + 1. Let b(s) = s**2 - 16*s + 11. Let x be b(15). Let j(p) = p**2 + 6*p + 7. Let l be j(x). What is u(l)?
4
Let s(r) be the first derivative of -r**5/60 + r**4/24 + 2*r**3/3 + 7*r**2 + 14. Let t(p) be the second derivative of s(p). What is t(-5)?
-26
Suppose -v - h + 29 = 3*v, 5*v - 55 = -5*h. Let u(m) = v*m**2 - 8*m**2 - 4 + 3*m**2 - 3*m + 0*m. Determine u(3).
-4
Let o(r) = -3*r**2 - 3*r**2 + 6 + 4*r + 5*r**2 + 0. Let m be 152/24 - (-2)/(-6). What is o(m)?
-6
Suppose 0 = 2*j - 5*d - 21, 8*d - 13*d = -5. Let y(s) = -2*s + 9. Give y(j).
-17
Let j = -11 + 11. Let x(o) = 7*o - o + 7*o**2 + j*o**2 + 1 - 8*o**2. Calculate x(7).
-6
Let f(h) = -5*h**2 - 10. Let a(x) = 0 + 19 + 2305*x**2 - 2296*x**2 - x. Let s(o) = 4*a(o) + 7*f(o). Give s(4).
6
Let p(h) be the first derivative of -h**3/3 - 5*h**2/2 + 10*h + 3. Let z = -1791 - -1784. Determine p(z).
-4
Let b(v) = 0 + 2 + 0*v - v + 7. Let f be b(9). Suppose f = -5*n + 27 + 3. Let y(z) = 3*z - 9. What is y(n)?
9
Let g(s) = -s**2 - 12 + 2 - s + 17 + 2*s. Determine g(6).
-23
Let z(k) = 7*k - 11. Let v(b) = 18*b - 27. Let t(w) = w**2 + 14*w + 8. Let h be t(-13). Let j(a) = h*v(a) + 12*z(a). What is j(2)?
-9
Let z(o) = 3*o. Let p(a) = 13*a - 2. Let g(s) = p(s) - 4*z(s). Give g(1).
-1
Let v(r) = -3*r + 606 + r - 607 + 4*r**2. Calculate v(4).
55
Let z(t) = -t - 3. Let m be 28/4 + 1 - 3. Suppose 4*h - h = -m*k + 31, h - 5 = k. Let l = 2 - h. Determine z(l).
2
Let w be -4*(35/4)/5. Let a = -11 - w. Let q(y) be the third derivative of -y**6/120 - y**5/12 - y**4/8 - y**3/2 - 78*y**2. Determine q(a).
-7
Suppose -3*h - 1 = -z - 3, z - 8 = -2*h. Suppose -t + k - 8 = 0, -4*k - h = t - 3*k. Let s(o) = 2*o - 4. Calculate s(t).
-14
Let t(l) = -l**2 - 7*l + 1. Let q be t(-6). Let b(j) be the first derivative of -j**3/3 + 11*j**2/2 - 8*j + 806. Calculate b(q).
20
Let x(r) be the third derivative of -r**4/12 + r**3/6 - 205*r**2. Let g = 19 - 32. Let b = g + 9. What is x(b)?
9
Let x be 4 + (-2 - (-12)/(-4)). Let y(c) = -c + 2. Calculate y(x).
3
Let t(x) = -13*x**2 - 3*x**2 + 17*x**2 - x. Let l(f) be the first derivative of f**4/4 + f**3/3 - f**2 + f - 2. Let g be l(-2). Calculate t(g).
0
Let v(o) = o**2 - 4*o - 1. Suppose 5*t = -5, 0*u = 4*u + 4*t - 20. Let c be 31/u + 100/(-24) + 4. What is v(c)?
4
Let p(z) be the first derivative of z**3/3 - 2*z**2 + 4*z - 39. Calculate p(3).
1
Let n(j) = -2*j**3 - 49*j**2 + 26*j + 28. Let h be n(-25). Let g(y) = y**3 - 6*y**2 - 3*y + 4. What is g(h)?
-32
Let p(a) = 3*a + 2. Suppose -2*l + 4 = 3*g, 0 = -2*g - l + 2*l - 2. Suppose -5*t + 19 - 9 = g. Let y be 6/((-4)/8 + t). Calculate p(y).
14
Suppose 5*q + 30 = 5*j, 3*q + 22 - 8 = j. Suppose -4*p + s = -2*s - 24, -j*p = -4*s - 22. Let c(k) = -k**2 + 4*k. What is c(p)?
3
Let n(u) = -12*u + 69. Let z be (88 - 79)/(1 - (-1)/2). Determine n(z).
-3
Let y be ((-36)/20)/(15*(-3)/(-150)). Let q(z) = -2*z - 8. Give q(y).
4
Let k(r) = -6*r - 5. Let a(q) = -5*q - 4. Suppose -4*m = 4*v + 4, -v = -3*m + 2*m + 9. Let t(s) = m*k(s) - 5*a(s). What is t(-1)?
-1
Let n(t) = -t + 3. Suppose -5*x + 2 + 1 = h, 5*x = -5*h + 15. Suppose 4 + x = 4*y. Let c be 2 - 6 - (3 - y). Give n(c).
9
Suppose -5*q - 34 = 3*x, 8*x - 4*x - 16 = q. Let t(r) = -r**2 - 12*r - 27. What is t(q)?
5
Suppose 4*o - 4*z - z =